[INFO] fetching crate specs_camera 0.5.0...
[INFO] building specs_camera-0.5.0 against master#881c1ac408d93bb7adaa3a51dabab9266e82eee8 for issue-85264
[INFO] extracting crate specs_camera 0.5.0 into /workspace/builds/worker-7/source
[INFO] validating manifest of crates.io crate specs_camera 0.5.0 on toolchain 881c1ac408d93bb7adaa3a51dabab9266e82eee8
[INFO] running `Command { std: "/workspace/cargo-home/bin/cargo" "+881c1ac408d93bb7adaa3a51dabab9266e82eee8" "metadata" "--manifest-path" "Cargo.toml" "--no-deps", kill_on_drop: false }`
[INFO] started tweaking crates.io crate specs_camera 0.5.0
[INFO] finished tweaking crates.io crate specs_camera 0.5.0
[INFO] tweaked toml for crates.io crate specs_camera 0.5.0 written to /workspace/builds/worker-7/source/Cargo.toml
[INFO] running `Command { std: "/workspace/cargo-home/bin/cargo" "+881c1ac408d93bb7adaa3a51dabab9266e82eee8" "generate-lockfile" "--manifest-path" "Cargo.toml" "-Zno-index-update", kill_on_drop: false }`
[INFO] running `Command { std: "/workspace/cargo-home/bin/cargo" "+881c1ac408d93bb7adaa3a51dabab9266e82eee8" "fetch" "--manifest-path" "Cargo.toml", kill_on_drop: false }`
[INFO] [stderr]     Blocking waiting for file lock on package cache
[INFO] [stderr]  Downloading crates ...
[INFO] [stderr]   Downloaded specs_transform v0.5.0
[INFO] running `Command { std: "docker" "create" "-v" "/var/lib/crater-agent-workspace/builds/worker-7/target:/opt/rustwide/target:rw,Z" "-v" "/var/lib/crater-agent-workspace/builds/worker-7/source:/opt/rustwide/workdir:ro,Z" "-v" "/var/lib/crater-agent-workspace/cargo-home:/opt/rustwide/cargo-home:ro,Z" "-v" "/var/lib/crater-agent-workspace/rustup-home:/opt/rustwide/rustup-home:ro,Z" "-e" "SOURCE_DIR=/opt/rustwide/workdir" "-e" "CARGO_TARGET_DIR=/opt/rustwide/target" "-e" "CARGO_HOME=/opt/rustwide/cargo-home" "-e" "RUSTUP_HOME=/opt/rustwide/rustup-home" "-w" "/opt/rustwide/workdir" "-m" "1610612736" "--user" "0:0" "--network" "none" "ghcr.io/rust-lang/crates-build-env/linux@sha256:20528e8c29e4536546f0102ce88568b16ea7538393a33fcca951030f7af10457" "/opt/rustwide/cargo-home/bin/cargo" "+881c1ac408d93bb7adaa3a51dabab9266e82eee8" "metadata" "--no-deps" "--format-version=1", kill_on_drop: false }`
[INFO] [stdout] ce598b151eddf05e57cfbfd8c22892fd4056a304fff0e52c7cf5d965fa9e2cf9
[INFO] [stderr] WARNING: Your kernel does not support swap limit capabilities or the cgroup is not mounted. Memory limited without swap.
[INFO] running `Command { std: "docker" "start" "-a" "ce598b151eddf05e57cfbfd8c22892fd4056a304fff0e52c7cf5d965fa9e2cf9", kill_on_drop: false }`
[INFO] running `Command { std: "docker" "inspect" "ce598b151eddf05e57cfbfd8c22892fd4056a304fff0e52c7cf5d965fa9e2cf9", kill_on_drop: false }`
[INFO] running `Command { std: "docker" "rm" "-f" "ce598b151eddf05e57cfbfd8c22892fd4056a304fff0e52c7cf5d965fa9e2cf9", kill_on_drop: false }`
[INFO] [stdout] ce598b151eddf05e57cfbfd8c22892fd4056a304fff0e52c7cf5d965fa9e2cf9
[INFO] running `Command { std: "docker" "create" "-v" "/var/lib/crater-agent-workspace/builds/worker-7/target:/opt/rustwide/target:rw,Z" "-v" "/var/lib/crater-agent-workspace/builds/worker-7/source:/opt/rustwide/workdir:ro,Z" "-v" "/var/lib/crater-agent-workspace/cargo-home:/opt/rustwide/cargo-home:ro,Z" "-v" "/var/lib/crater-agent-workspace/rustup-home:/opt/rustwide/rustup-home:ro,Z" "-e" "SOURCE_DIR=/opt/rustwide/workdir" "-e" "CARGO_TARGET_DIR=/opt/rustwide/target" "-e" "CARGO_INCREMENTAL=0" "-e" "RUST_BACKTRACE=full" "-e" "RUSTFLAGS=--cap-lints=forbid" "-e" "CARGO_HOME=/opt/rustwide/cargo-home" "-e" "RUSTUP_HOME=/opt/rustwide/rustup-home" "-w" "/opt/rustwide/workdir" "-m" "1610612736" "--user" "0:0" "--network" "none" "ghcr.io/rust-lang/crates-build-env/linux@sha256:20528e8c29e4536546f0102ce88568b16ea7538393a33fcca951030f7af10457" "/opt/rustwide/cargo-home/bin/cargo" "+881c1ac408d93bb7adaa3a51dabab9266e82eee8" "build" "--frozen" "--message-format=json", kill_on_drop: false }`
[INFO] [stdout] 4a548a3efaa305abe413c0f88554b272d43a8736636f0912c576eec5316e4e39
[INFO] [stderr] WARNING: Your kernel does not support swap limit capabilities or the cgroup is not mounted. Memory limited without swap.
[INFO] running `Command { std: "docker" "start" "-a" "4a548a3efaa305abe413c0f88554b272d43a8736636f0912c576eec5316e4e39", kill_on_drop: false }`
[INFO] [stderr]    Compiling crunchy v0.2.2
[INFO] [stderr]    Compiling tiny-keccak v2.0.2
[INFO] [stderr]    Compiling proc-macro-hack v0.5.19
[INFO] [stderr]    Compiling memchr v2.4.0
[INFO] [stderr]    Compiling proc-macro2 v0.4.30
[INFO] [stderr]    Compiling mopa v0.2.2
[INFO] [stderr]    Compiling unicode-xid v0.1.0
[INFO] [stderr]    Compiling arrayvec v0.4.12
[INFO] [stderr]    Compiling atom v0.3.6
[INFO] [stderr]    Compiling ahash v0.3.8
[INFO] [stderr]    Compiling cast_trait v0.1.2
[INFO] [stderr]    Compiling tuple_utils v0.3.0
[INFO] [stderr]    Compiling nodrop v0.1.14
[INFO] [stderr]    Compiling shrev v1.1.1
[INFO] [stderr]    Compiling smallvec v1.6.1
[INFO] [stderr]    Compiling type-name v0.1.0
[INFO] [stderr]    Compiling memoffset v0.6.4
[INFO] [stderr]    Compiling rayon v1.5.1
[INFO] [stderr]    Compiling crossbeam-utils v0.7.2
[INFO] [stderr]    Compiling hashbrown v0.7.2
[INFO] [stderr]    Compiling nom v5.1.2
[INFO] [stderr]    Compiling hashbrown v0.6.3
[INFO] [stderr]    Compiling crossbeam-utils v0.6.6
[INFO] [stderr]    Compiling crossbeam-utils v0.8.5
[INFO] [stderr]    Compiling getrandom v0.2.3
[INFO] [stderr]    Compiling syn v1.0.72
[INFO] [stderr]    Compiling crossbeam-queue v0.1.2
[INFO] [stderr]    Compiling vec3 v0.2.1
[INFO] [stderr]    Compiling crossbeam-epoch v0.9.5
[INFO] [stderr]    Compiling crossbeam-channel v0.5.1
[INFO] [stderr]    Compiling vec2 v0.2.1
[INFO] [stderr]    Compiling mat4 v0.2.1
[INFO] [stderr]    Compiling mat32 v0.2.1
[INFO] [stderr]    Compiling crossbeam-deque v0.8.0
[INFO] [stderr]    Compiling quote v0.6.13
[INFO] [stderr]    Compiling rayon-core v1.9.1
[INFO] [stderr]    Compiling crossbeam-queue v0.2.3
[INFO] [stderr]    Compiling syn v0.15.44
[INFO] [stderr]    Compiling const-random-macro v0.1.13
[INFO] [stderr]    Compiling shred-derive v0.6.3
[INFO] [stderr]    Compiling serde_derive v1.0.126
[INFO] [stderr]    Compiling tynm v0.1.6
[INFO] [stderr]    Compiling const-random v0.1.13
[INFO] [stderr]    Compiling ahash v0.2.19
[INFO] [stderr]    Compiling hibitset v0.6.3
[INFO] [stderr]    Compiling shred v0.10.2
[INFO] [stderr]    Compiling shred v0.9.4
[INFO] [stderr]    Compiling specs v0.16.1
[INFO] [stderr]    Compiling specs_bundler v0.6.0
[INFO] [stderr]    Compiling derivative v1.0.4
[INFO] [stderr]    Compiling specs v0.15.1
[INFO] [stderr]    Compiling specs_scene_graph v0.3.0
[INFO] [stdout] error[E0599]: no method named `register` found for mutable reference `&'world mut shred::world::World` in the current scope
[INFO] [stdout]   --> /opt/rustwide/cargo-home/registry/src/github.com-1ecc6299db9ec823/specs_scene_graph-0.3.0/src/scene_graph_bundle.rs:43:23
[INFO] [stdout]    |
[INFO] [stdout] 43 |         bundler.world.register::<P>();
[INFO] [stdout]    |                       ^^^^^^^^ method not found in `&'world mut shred::world::World`
[INFO] [stdout]    |
[INFO] [stdout]    = help: items from traits can only be used if the trait is in scope
[INFO] [stdout]    = note: the following trait is implemented but not in scope; perhaps add a `use` for it:
[INFO] [stdout]            `use specs::world::world_ext::WorldExt;`
[INFO] [stdout] 
[INFO] [stdout] 
[INFO] [stdout] error[E0308]: mismatched types
[INFO] [stdout]   --> /opt/rustwide/cargo-home/registry/src/github.com-1ecc6299db9ec823/specs_scene_graph-0.3.0/src/scene_graph_bundle.rs:47:22
[INFO] [stdout]    |
[INFO] [stdout] 47 |         system.setup(&mut bundler.world);
[INFO] [stdout]    |                      ^^^^^^^^^^^^^^^^^^ expected struct `World`, found `&mut shred::world::World`
[INFO] [stdout]    |
[INFO] [stdout]    = note: expected mutable reference `&mut World`
[INFO] [stdout]               found mutable reference `&mut &'world mut shred::world::World`
[INFO] [stdout] 
[INFO] [stdout] 
[INFO] [stdout] error[E0277]: the trait bound `for<'c> SceneGraphSystem<P>: shred::system::System<'c>` is not satisfied
[INFO] [stdout]   --> /opt/rustwide/cargo-home/registry/src/github.com-1ecc6299db9ec823/specs_scene_graph-0.3.0/src/scene_graph_bundle.rs:49:65
[INFO] [stdout]    |
[INFO] [stdout] 49 |         bundler.dispatcher_builder = bundler.dispatcher_builder.with(
[INFO] [stdout]    |                                                                 ^^^^ the trait `for<'c> shred::system::System<'c>` is not implemented for `SceneGraphSystem<P>`
[INFO] [stdout] 
[INFO] [stdout] 
[INFO] [stdout] error: aborting due to 3 previous errors
[INFO] [stdout] 
[INFO] [stdout] 
[INFO] [stdout] Some errors have detailed explanations: E0277, E0308, E0599.
[INFO] [stdout] 
[INFO] [stdout] For more information about an error, try `rustc --explain E0277`.
[INFO] [stdout] 
[INFO] [stderr] error: could not compile `specs_scene_graph`
[INFO] [stderr] 
[INFO] [stderr] To learn more, run the command again with --verbose.
[INFO] running `Command { std: "docker" "inspect" "4a548a3efaa305abe413c0f88554b272d43a8736636f0912c576eec5316e4e39", kill_on_drop: false }`
[INFO] running `Command { std: "docker" "rm" "-f" "4a548a3efaa305abe413c0f88554b272d43a8736636f0912c576eec5316e4e39", kill_on_drop: false }`
[INFO] [stdout] 4a548a3efaa305abe413c0f88554b272d43a8736636f0912c576eec5316e4e39
